te the remainder when 141730 is divided by 1861.
294
What is the remainder when 4067474 is divided by 203?
166
Calculate the remainder when 4576330 is divided by 18.
10
What is the remainder when 548697 is divided by 1704?
9
What is the remainder when 22082636 is divided by 72?
20
What is the remainder when 13690 is divided by 3?
1
Calculate the remainder when 230665 is divided by 121.
39
Calculate the remainder when 907362 is divided by 75612.
18
What is the remainder when 19447 is divided by 2717?
428
What is the remainder when 791017 is divided by 4110?
1897
What is the remainder when 412558 is divided by 68632?
766
Calculate the remainder when 275484 is divided by 294.
6
What is the remainder when 89550 is divided by 4081?
3849
Calculate the remainder when 734114 is divided by 734083.
31
What is the remainder when 164686254 is divided by 2576?
2574
Calculate the remainder when 83381 is divided by 1934.
219
What is the remainder when 531130 is divided by 9?
4
What is the remainder when 5024354 is divided by 1854?
14
Calculate the remainder when 1141959621 is divided by 8268.
8265
What is the remainder when 5126128 is divided by 34636?
0
Calculate the remainder when 49111 is divided by 1882.
179
What is the remainder when 20443 is divided by 9965?
513
Calculate the remainder when 515454 is divided by 1447.
322
What is the remainder when 156930381 is divided by 1649?
1647
Calculate the remainder when 1613617 is divided by 161348.
137
Calculate the remainder when 260160 is divided by 260000.
160
Calculate the remainder when 57765 is divided by 6103.
2838
What is the remainder when 231572 is divided by 115?
77
Calculate the remainder when 488470 is divided by 1591.
33
Calculate the remainder when 6544411 is divided by 32.
27
Calculate the remainder when 2277965 is divided by 88.
85
Calculate the remainder when 186233 is divided by 26603.
12
What is the remainder when 2933182 is divided by 43?
23
What is the remainder when 27760 is divided by 1445?
305
What is the remainder when 25059 is divided by 25041?
18
What is the remainder when 9340 is divided by 2472?
1924
What is the remainder when 46506992 is divided by 41?
36
What is the remainder when 90836 is divided by 3244?
4
What is the remainder when 2420022 is divided by 1148?
38
Calculate the remainder when 162296 is divided by 128.
120
What is the remainder when 139127 is divided by 27757?
342
What is the remainder when 1523659 is divided by 5218?
3
What is the remainder when 59029 is divided by 4239?
3922
What is the remainder when 14430884 is divided by 15?
14
What is the remainder when 21929322 is divided by 15?
12
Calculate the remainder when 120036 is divided by 59596.
844
What is the remainder when 203397 is divided by 5084?
37
What is the remainder when 63706 is divided by 15685?
966
What is the remainder when 23547384 is divided by 49?
42
Calculate the remainder when 17808114 is divided by 8904056.
2
Calculate the remainder when 150054 is divided by 74478.
1098
What is the remainder when 872466110 is divided by 33?
32
What is the remainder when 29819 is divided by 5714?
1249
What is the remainder when 8051108 is divided by 1610200?
108
Calculate the remainder when 899634 is divided by 299875.
9
What is the remainder when 1156116 is divided by 385320?
156
What is the remainder when 42633240 is divided by 162?
24
What is the remainder when 10661182 is divided by 2?
0
Calculate the remainder when 34883704 is divided by 1796.
1792
Calculate the remainder when 9945611 is divided by 84.
11
Calculate the remainder when 1377714 is divided by 615.
114
Calculate the remainder when 1135168 is divided by 567539.
90
What is the remainder when 940425 is divided by 31347?
15
Calculate the remainder when 1543749 is divided by 920.
909
Calculate the remainder when 822356 is divided by 58514.
3160
What is the remainder when 3450035 is divided by 44230?
95
What is the remainder when 9991321 is divided by 13?
2
What is the remainder when 146487 is divided by 16259?
156
Calculate the remainder when 392704946 is divided by 153.
152
What is the remainder when 457182 is divided by 105?
12
Calculate the remainder when 10132593 is divided by 30892.
17
What is the remainder when 3626218 is divided by 35?
8
What is the remainder when 14037735 is divided by 26?
23
Calculate the remainder when 512119 is divided by 170449.
772
What is the remainder when 167590554 is divided by 734?
4
Calculate the remainder when 58796870 is divided by 48.
38
What is the remainder when 37692618 is divided by 1675?
93
What is the remainder when 38756757 is divided by 509957?
25
Calculate the remainder when 3726665 is divided by 1863258.
149
Calculate the remainder when 2768864 is divided by 285.
89
What is the remainder when 25607820 is divided by 4267964?
36
Calculate the remainder when 331191 is divided by 977.
965
Calculate the remainder when 187732404 is divided by 3663.
3654
What is the remainder when 38553199 is divided by 114?
109
What is the remainder when 507026 is divided by 6252?
614
Calculate the remainder when 2697757 is divided by 480.
157
What is the remainder when 847861 is divided by 32607?
79
Calculate the remainder when 6483064 is divided by 1406.
1404
What is the remainder when 5799003 is divided by 2630?
2483
Calculate the remainder when 481651 is divided by 3148.
7
Calculate the remainder when 45426 is divided by 2366.
472
What is the remainder when 261711 is divided by 536?
143
Calculate the remainder when 870482 is divided by 196.
46
What is the remainder when 3832216 is divided by 309?
307
Calculate the remainder when 72456 is divided by 316.
92
What is the remainder when 21874120 is divided by 306?
16
What is the remainder when 678340 is divided by 169568?
68
Calculate the remainder when 55300757 is divided by 685.
22
Calculate the remainder when 98599 is divided by 32675.
574
What is the remainder when 33347193 is divided by 353?
342
What is the remainder when 1270923553 is divided by 165?
163
What is the remainder when 117033 is divided by 38859?
456
Calculate the remainder when 416642993 is divided by 27.
26
Calculate the remainder when 3056008 is divided by 129.
127
What is the remainder when 108738 is divided by 35750?
1488
Calculate the remainder when 1575828 is divided by 32158.
86
What is the remainder when 21564169 is divided by 168470?
9
What is the remainder when 395800 is divided by 901?
261
Calculate the remainder when 478847 is divided by 5094.
11
What is the remainder when 1608756 is divided by 134063?
0
Calculate the remainder when 1145589 is divided by 190747.
1107
What is the remainder when 28239 is divided by 5605?
214
What is the remainder when 2441391 is divided by 67816?
15
What is the remainder when 19542893 is divided by 2871?
2867
Calculate the remainder when 22452253 is divided by 1035.
1033
Calculate the remainder when 429353 is divided by 167.
163
Calculate the remainder when 104217257 is divided by 52108616.
25
Calculate the remainder when 128502 is divided by 184.
70
Calculate the remainder when 3265799 is divided by 13.
4
What is the remainder when 341752864 is divided by 35?
19
What is the remainder when 1033596 is divided by 147649?
53
Calculate the remainder when 58421620 is divided by 14.
12
What is the remainder when 1914599 is divided by 56311?
25
What is the remainder when 2258677 is divided by 1372?
365
Calculate the remainder when 23616 is divided by 3392.
3264
What is the remainder when 1620235 is divided by 208?
123
What is the remainder when 18416764 is divided by 44?
36
What is the remainder when 57670 is divided by 1101?
418
Calculate the remainder when 9275 is divided by 1209.
812
Calculate the remainder when 1052064298 is divided by 1291.
1287
What is the remainder when 661765496 is divided by 1046?
1044
What is the remainder when 4578707 is divided by 34?
29
Calculate the remainder when 172156 is divided by 281.
184
What is the remainder when 3351756 is divided by 372413?
39
Calculate the remainder when 21165 is divided by 20743.
422
Calculate the remainder when 50913024 is divided by 627.
624
What is the remainder when 2369246 is divided by 236889?
356
Calculate the remainder when 603355 is divided by 301654.
47
What is the remainder when 4809673 is divid